{"id":370,"date":"2018-05-16T09:14:55","date_gmt":"2018-05-16T07:14:55","guid":{"rendered":"http:\/\/wp1182680.server-he.de\/?page_id=370"},"modified":"2025-09-10T12:20:26","modified_gmt":"2025-09-10T10:20:26","slug":"dg-505-elan","status":"publish","type":"page","link":"https:\/\/www.sportflug-noervenich.de\/?page_id=370","title":{"rendered":"DG 505 Elan"},"content":{"rendered":"<div class=\"pvc_clear\"><\/div>\n<p id=\"pvc_stats_370\" class=\"pvc_stats all  \" data-element-id=\"370\" style=\"\"><i class=\"pvc-stats-icon large\" aria-hidden=\"true\"><svg aria-hidden=\"true\" focusable=\"false\" data-prefix=\"far\" data-icon=\"chart-bar\" role=\"img\" xmlns=\"http:\/\/www.w3.org\/2000\/svg\" viewBox=\"0 0 512 512\" class=\"svg-inline--fa fa-chart-bar fa-w-16 fa-2x\"><path fill=\"currentColor\" d=\"M396.8 352h22.4c6.4 0 12.8-6.4 12.8-12.8V108.8c0-6.4-6.4-12.8-12.8-12.8h-22.4c-6.4 0-12.8 6.4-12.8 12.8v230.4c0 6.4 6.4 12.8 12.8 12.8zm-192 0h22.4c6.4 0 12.8-6.4 12.8-12.8V140.8c0-6.4-6.4-12.8-12.8-12.8h-22.4c-6.4 0-12.8 6.4-12.8 12.8v198.4c0 6.4 6.4 12.8 12.8 12.8zm96 0h22.4c6.4 0 12.8-6.4 12.8-12.8V204.8c0-6.4-6.4-12.8-12.8-12.8h-22.4c-6.4 0-12.8 6.4-12.8 12.8v134.4c0 6.4 6.4 12.8 12.8 12.8zM496 400H48V80c0-8.84-7.16-16-16-16H16C7.16 64 0 71.16 0 80v336c0 17.67 14.33 32 32 32h464c8.84 0 16-7.16 16-16v-16c0-8.84-7.16-16-16-16zm-387.2-48h22.4c6.4 0 12.8-6.4 12.8-12.8v-70.4c0-6.4-6.4-12.8-12.8-12.8h-22.4c-6.4 0-12.8 6.4-12.8 12.8v70.4c0 6.4 6.4 12.8 12.8 12.8z\" class=\"\"><\/path><\/svg><\/i> <img loading=\"lazy\" decoding=\"async\" width=\"16\" height=\"16\" alt=\"Loading\" src=\"https:\/\/www.sportflug-noervenich.de\/wp-content\/plugins\/page-views-count\/ajax-loader-2x.gif\" border=0 \/><\/p>\n<div class=\"pvc_clear\"><\/div>\n<p><a href=\"https:\/\/www.sportflug-noervenich.de\/wp-content\/uploads\/2018\/05\/DG-505-Elan-D-5829.jpg\"><img loading=\"lazy\" decoding=\"async\" class=\" wp-image-371 alignright\" src=\"https:\/\/www.sportflug-noervenich.de\/wp-content\/uploads\/2018\/05\/DG-505-Elan-D-5829.jpg\" alt=\"\" width=\"465\" height=\"349\" srcset=\"https:\/\/www.sportflug-noervenich.de\/wp-content\/uploads\/2018\/05\/DG-505-Elan-D-5829.jpg 800w, https:\/\/www.sportflug-noervenich.de\/wp-content\/uploads\/2018\/05\/DG-505-Elan-D-5829-300x225.jpg 300w, https:\/\/www.sportflug-noervenich.de\/wp-content\/uploads\/2018\/05\/DG-505-Elan-D-5829-768x576.jpg 768w\" sizes=\"auto, (max-width: 465px) 100vw, 465px\" \/><\/a>Die DG 505 Elan ist ein modernes, doppelsitziges Segelflugzeug, das im Fr\u00fchjahr 2002 neu angeschafft wurde. Es ist mit seinen 20m Spannweite hervorragend f\u00fcr den Streckenflug geeignet. Neben beeindruckenden Leistungswerten ist es ein sehr gutm\u00fctiges und damit auch f\u00fcr die Ausbildung gut geeignetes Flugverhalten.<\/p>\n<p><span style=\"color: #000000;\">Daher wird die DG in der Ausbildung f\u00fcr die Einweisung auf Kunststoffflugzeuge eingesetzt, bevor die Flugsch\u00fcler ihre ersten Fl\u00fcge in einsitzigen Flugzeugen absolvieren. Unsere erfahrenen Piloten nehmen mit dem Flugzeug gerne an Wettk\u00e4mpfen teil oder nutzen sie seit neuestem f\u00fcr <a href=\"https:\/\/www.sportflug-noervenich.de\/?p=2513\">Kunstfl\u00fcge<\/a><\/span>.<\/p>\n<p>Es ist komplett in GFK (Glasfaserverst\u00e4rktem Kunststoff) gebaut. In den Tragfl\u00e4chen sind zudem Kohlefasern verbaut, die Gewicht und Festigkeit zugute kommen. Mit abgenommenen Fl\u00e4chenverl\u00e4ngerungen und einer dann verbleibenden Spannweite von 18m ist das Flugzeug kunstflugf\u00e4hig und bietet so auch ambitionierten &#8222;Spasspiloten&#8220; eine Perspektive.<\/p>\n<p>Die wichtigsten technischen Daten:<\/p>\n<table border=\"0\">\n<tbody>\n<tr bgcolor=\"#dddddd\">\n<th>Bezeichnung<\/th>\n<th>Daten<\/th>\n<\/tr>\n<tr bgcolor=\"#eeeeee\">\n<td>Spannweite<\/td>\n<td>20 m<\/td>\n<\/tr>\n<tr bgcolor=\"#eeeeee\">\n<td>Fl\u00fcgelfl\u00e4che<\/td>\n<td>17,58 m\u00b2<\/td>\n<\/tr>\n<tr bgcolor=\"#eeeeee\">\n<td>Fl\u00fcgelstreckung<\/td>\n<td>22,7<\/td>\n<\/tr>\n<tr bgcolor=\"#eeeeee\">\n<td>Rumpfl\u00e4nge<\/td>\n<td>8,66 m<\/td>\n<\/tr>\n<tr bgcolor=\"#eeeeee\">\n<td>H\u00f6he am Leitwerk<\/td>\n<td>1,82 m<\/td>\n<\/tr>\n<tr bgcolor=\"#eeeeee\">\n<td>Leermasse mit Mindestausr\u00fcstung<\/td>\n<td>ca. 410 kg<\/td>\n<\/tr>\n<tr bgcolor=\"#eeeeee\">\n<td>max. Abflugmasse<\/td>\n<td>750 kg<\/td>\n<\/tr>\n<tr bgcolor=\"#eeeeee\">\n<td>Fl\u00e4chenbelastung (85 kg Zul.)<\/td>\n<td>28,1 kg\/m\u00b2<\/td>\n<\/tr>\n<tr bgcolor=\"#eeeeee\">\n<td>max. Fl\u00e4chenbelastung<\/td>\n<td>42,7 kg\/m\u00b2<\/td>\n<\/tr>\n<tr bgcolor=\"#eeeeee\">\n<td>H\u00f6chstgeschwindigkeit<\/td>\n<td>270 km\/h<\/td>\n<\/tr>\n<tr bgcolor=\"#eeeeee\">\n<td>Fl\u00fcgelprofil<\/td>\n<td>Wortmann FX73-K-170\/20<\/td>\n<\/tr>\n<tr bgcolor=\"#eeeeee\">\n<td>geringstes Sinken<\/td>\n<td>0,53 m\/s bei 80 km\/h<\/td>\n<\/tr>\n<tr bgcolor=\"#eeeeee\">\n<td>Gleitzahl bestes Gleiten (85 km\/h)<\/td>\n<td>44,5 bei 110 km\/h<\/td>\n<\/tr>\n<\/tbody>\n<\/table>\n<p>Aufgrund ihrer vielseitigen Eigenschaften ist die DG505 im Verein bei Anf\u00e4ngern und erfahrenen Piloten gleicherma\u00dfen beliebt. In der Ausbildung wird sie f\u00fcr die Einweisung auf Kunststoff-Flugzeuge eingesetzt, bevor die Flugsch\u00fcler ihre ersten F\u00fcge in einsitzigen Flugzeugen absolvieren. Unsere erfahrenen Piloten nehmen mit dem Flugzeug an Wettk\u00e4mpfen oder auch an extern durchgef\u00fchrten Kunstflug-Lehrg\u00e4ngen teil.<\/p>\n<p>&nbsp;<\/p>\n<p>&nbsp;<\/p>\n","protected":false},"excerpt":{"rendered":"<div class=\"pvc_clear\"><\/div>\n<p id=\"pvc_stats_370\" class=\"pvc_stats all  \" data-element-id=\"370\" style=\"\"><i class=\"pvc-stats-icon large\" aria-hidden=\"true\"><svg aria-hidden=\"true\" focusable=\"false\" data-prefix=\"far\" data-icon=\"chart-bar\" role=\"img\" xmlns=\"http:\/\/www.w3.org\/2000\/svg\" viewBox=\"0 0 512 512\" class=\"svg-inline--fa fa-chart-bar fa-w-16 fa-2x\"><path fill=\"currentColor\" d=\"M396.8 352h22.4c6.4 0 12.8-6.4 12.8-12.8V108.8c0-6.4-6.4-12.8-12.8-12.8h-22.4c-6.4 0-12.8 6.4-12.8 12.8v230.4c0 6.4 6.4 12.8 12.8 12.8zm-192 0h22.4c6.4 0 12.8-6.4 12.8-12.8V140.8c0-6.4-6.4-12.8-12.8-12.8h-22.4c-6.4 0-12.8 6.4-12.8 12.8v198.4c0 6.4 6.4 12.8 12.8 12.8zm96 0h22.4c6.4 0 12.8-6.4 12.8-12.8V204.8c0-6.4-6.4-12.8-12.8-12.8h-22.4c-6.4 0-12.8 6.4-12.8 12.8v134.4c0 6.4 6.4 12.8 12.8 12.8zM496 400H48V80c0-8.84-7.16-16-16-16H16C7.16 64 0 71.16 0 80v336c0 17.67 14.33 32 32 32h464c8.84 0 16-7.16 16-16v-16c0-8.84-7.16-16-16-16zm-387.2-48h22.4c6.4 0 12.8-6.4 12.8-12.8v-70.4c0-6.4-6.4-12.8-12.8-12.8h-22.4c-6.4 0-12.8 6.4-12.8 12.8v70.4c0 6.4 6.4 12.8 12.8 12.8z\" class=\"\"><\/path><\/svg><\/i> <img loading=\"lazy\" decoding=\"async\" width=\"16\" height=\"16\" alt=\"Loading\" src=\"https:\/\/www.sportflug-noervenich.de\/wp-content\/plugins\/page-views-count\/ajax-loader-2x.gif\" border=0 \/><\/p>\n<div class=\"pvc_clear\"><\/div>\n<p>Die DG 505 Elan ist ein modernes, doppelsitziges Segelflugzeug, das im Fr\u00fchjahr 2002 neu angeschafft wurde. Es ist mit seinen 20m Spannweite hervorragend f\u00fcr den Streckenflug geeignet. Neben beeindruckenden Leistungswerten ist es ein sehr gutm\u00fctiges und damit auch f\u00fcr die Ausbildung gut geeignetes Flugverhalten. Daher wird die DG in der Ausbildung f\u00fcr die Einweisung auf [&hellip;]<\/p>\n","protected":false},"author":1,"featured_media":0,"parent":198,"menu_order":0,"comment_status":"closed","ping_status":"closed","template":"","meta":{"two_page_speed":[],"footnotes":""},"class_list":["post-370","page","type-page","status-publish","hentry"],"a3_pvc":{"activated":true,"total_views":2289,"today_views":0},"_links":{"self":[{"href":"https:\/\/www.sportflug-noervenich.de\/index.php?rest_route=\/wp\/v2\/pages\/370","targetHints":{"allow":["GET"]}}],"collection":[{"href":"https:\/\/www.sportflug-noervenich.de\/index.php?rest_route=\/wp\/v2\/pages"}],"about":[{"href":"https:\/\/www.sportflug-noervenich.de\/index.php?rest_route=\/wp\/v2\/types\/page"}],"author":[{"embeddable":true,"href":"https:\/\/www.sportflug-noervenich.de\/index.php?rest_route=\/wp\/v2\/users\/1"}],"replies":[{"embeddable":true,"href":"https:\/\/www.sportflug-noervenich.de\/index.php?rest_route=%2Fwp%2Fv2%2Fcomments&post=370"}],"version-history":[{"count":8,"href":"https:\/\/www.sportflug-noervenich.de\/index.php?rest_route=\/wp\/v2\/pages\/370\/revisions"}],"predecessor-version":[{"id":2564,"href":"https:\/\/www.sportflug-noervenich.de\/index.php?rest_route=\/wp\/v2\/pages\/370\/revisions\/2564"}],"up":[{"embeddable":true,"href":"https:\/\/www.sportflug-noervenich.de\/index.php?rest_route=\/wp\/v2\/pages\/198"}],"wp:attachment":[{"href":"https:\/\/www.sportflug-noervenich.de\/index.php?rest_route=%2Fwp%2Fv2%2Fmedia&parent=370"}],"curies":[{"name":"wp","href":"https:\/\/api.w.org\/{rel}","templated":true}]}}